 is the hundreds digit of 2691978136?
1
What is the hundreds digit of 3205718717?
7
What is the ten thousands digit of 554513590?
1
What is the billions digit of 1256179205?
1
What is the ten millions digit of 1642089309?
4
What is the units digit of 78908056?
6
What is the millions digit of 643898474?
3
What is the millions digit of 559369462?
9
What is the hundred millions digit of 898454757?
8
What is the tens digit of 592708360?
6
What is the millions digit of 347850032?
7
What is the hundreds digit of 6241882430?
4
What is the tens digit of 62317767?
6
What is the units digit of 394834903?
3
What is the thousands digit of 17536787?
6
What is the tens digit of 3578368078?
7
What is the tens digit of 119588563?
6
What is the millions digit of 73644681?
3
What is the tens digit of 2269375217?
1
What is the hundred millions digit of 366438423?
3
What is the tens digit of 58278661?
6
What is the millions digit of 231416827?
1
What is the units digit of 200399845?
5
What is the ten thousands digit of 46294186?
9
What is the units digit of 39590876?
6
What is the hundred thousands digit of 6733048977?
0
What is the units digit of 498475438?
8
What is the hundreds digit of 295994725?
7
What is the hundred millions digit of 1560885164?
5
What is the ten thousands digit of 147215867?
1
What is the tens digit of 734797371?
7
What is the hundred thousands digit of 5781015?
7
What is the tens digit of 9423756?
5
What is the tens digit of 361089342?
4
What is the hundred thousands digit of 71076617?
0
What is the units digit of 8033774456?
6
What is the ten millions digit of 250447598?
5
What is the ten millions digit of 409403454?
0
What is the millions digit of 628236625?
8
What is the hundred thousands digit of 516324869?
3
What is the hundred millions digit of 800317665?
8
What is the hundred millions digit of 4614609821?
6
What is the tens digit of 362964756?
5
What is the ten thousands digit of 39650807?
5
What is the ten millions digit of 197293745?
9
What is the tens digit of 40908617?
1
What is the hundreds digit of 54800532?
5
What is the ten millions digit of 100966444?
0
What is the hundreds digit of 17031635?
6
What is the ten millions digit of 60699277?
6
What is the ten thousands digit of 143565415?
6
What is the millions digit of 121528198?
1
What is the hundred millions digit of 356595355?
3
What is the ten thousands digit of 103417586?
1
What is the tens digit of 39682827?
2
What is the millions digit of 65792367?
5
What is the hundreds digit of 1846907740?
7
What is the tens digit of 91508855?
5
What is the thousands digit of 704154164?
4
What is the thousands digit of 743262565?
2
What is the tens digit of 10932822?
2
What is the hundred millions digit of 3903356150?
9
What is the thousands digit of 307013938?
3
What is the tens digit of 47470765?
6
What is the ten millions digit of 2652586471?
5
What is the ten millions digit of 1647091474?
4
What is the millions digit of 1774468?
1
What is the thousands digit of 31316345?
6
What is the hundred thousands digit of 462195315?
1
What is the thousands digit of 4758991552?
1
What is the ten thousands digit of 3754987083?
8
What is the billions digit of 7435378910?
7
What is the hundreds digit of 53636798?
7
What is the thousands digit of 10881176?
1
What is the thousands digit of 312134581?
4
What is the ten thousands digit of 6770690636?
9
What is the thousands digit of 93948421?
8
What is the millions digit of 927787970?
7
What is the billions digit of 3071001217?
3
What is the hundred thousands digit of 536291942?
2
What is the units digit of 4856128189?
9
What is the ten millions digit of 153654303?
5
What is the ten millions digit of 204982822?
0
What is the millions digit of 1378214749?
8
What is the ten millions digit of 32506014?
3
What is the ten millions digit of 1163205128?
6
What is the ten thousands digit of 372830207?
3
What is the tens digit of 144638590?
9
What is the hundred millions digit of 268564846?
2
What is the units digit of 1985489012?
2
What is the units digit of 210732755?
5
What is the thousands digit of 189009718?
9
What is the thousands digit of 30435421?
5
What is the hundred millions digit of 305941703?
3
What is the tens digit of 738094913?
1
What is the thousands digit of 918622440?
2
What is the thousands digit of 46635095?
5
What is the hundred thousands digit of 774507788?
5
What is the tens digit of 107371608?
0
What is the units digit of 1562041889?
9
What is the hundred thousands digit of 357410227?
4
What is the millions digit of 899482671?
9
What is the ten thousands digit of 8531169?
3
What is the millions digit of 169148293?
9
What is the hundred millions digit of 193826809?
1
What is the hundred thousands digit of 60236160?
2
What is the billions digit of 1765740575?
1
What is the hundred millions digit of 1191265722?
1
What is the ten thousands digit of 244241319?
4
What is the hundred thousands digit of 9837539?
8
What is the ten millions digit of 33515982?
3
What is the thousands digit of 539147531?
7
What is the tens digit of 520187419?
1
What is the ten thousands digit of 134700994?
0
What is the hundred millions digit of 2355324976?
3
What is the hundred thousands digit of 346733056?
7
What is the thousands digit of 1090432593?
2
What is the thousands digit of 6781209?
1
What is the ten millions digit of 402761365?
0
What is the hundred millions digit of 110563867?
1
What is the tens digit of 33433599?
9
What is the hundred thousands digit of 1701855953?
8
What is the tens digit of 40495177?
7
What is the hundred thousands digit of 1075141105?
1
What is the ten thousands digit of 131640355?
4
What is the hundred millions digit of 102728761?
1
What is the ten thousands digit of 6149242735?
4
What is the tens digit of 37577705?
0
What is the hundred millions digit of 693087359?
6
What is the ten thousands digit of 186674336?
7
What is the hundreds digit of 3961690614?
6
What is the millions digit of 113457155?
3
What is the millions digit of 123302732?
3
What is the thousands digit of 309863423?
3
What is the hundred thousands digit of 244781737?
7
What is the units digit of 1117317508?
8
What is the hundreds digit of 233671735?
7
What is the ten thousands digit of 4388955?
8
What is the ten thousands digit of 467125492?
2
What is the hundred thousands digit of 71222923?
2
What is the hundreds digit of 84941672?
6
What is the hundred thousands digit of 52317755?
3
What is the hundreds digit of 5168096350?
3
What is the tens digit of 39185478?
7
What is the millions digit of 30610442?
0
What is the ten thousands digit of 95009948?
0
What is the units digit of 272802607?
7
What is the millions digit of 203680900?
3
What is the ten millions digit of 1616929153?
1
What is the hundred millions digit of 101184458?
1
What is the tens digit of 53670684?
8
What is the thousands digit of 504693540?
3
What is the units digit of 324642383?
3
What is the thousands digit of 1166083693?
3
What is the thousands digit of 424035645?
5
What is the millions digit of 84339708?
4
What is the tens digit of 36994988?
8
What is the thousands digit of 257794362?
4
What is the ten thousands digit of 268929422?
2
What is the hundred thousands digit of 337591765?
5
What is the hundred millions digit of 115549605?
1
What is the hundred millions digit of 381522613?
3
What is the hundred thousands digit of 3442784507?
7
What is the tens digit of 236825404?
0
What is the hundreds digit of 2488043423?
4
What is the ten thousands digit of 213356790?
5
What is the millions digit of 1424974816?
4
What is the hundred millions digit of 3196324812?
1
What is the hundred millions digit of 835308478?
8
What is the ten millions digit of 257556495?
5
What is the units digit of 148058584?
4
What is the ten millions digit of 1339591999?
3
What is the hundred thousands digit of 35842827?
8
What is the hundred millions digit of 118433178?
1
What is the ten millions digit of 240330952?
4
What is the tens digit of 295433841?
4
What is the hundred thousands digit of 34483024?
4
What is the ten millions digit of 94197550?
9
What is the hundred millions digit of 832274090?
8
What is the ten millions digit of 438039209?
3
What is the thousands digit of 1753946?
3
What is the units digit